{"id":847,"date":"2025-07-10T07:19:28","date_gmt":"2025-07-10T07:19:28","guid":{"rendered":"https:\/\/beenu.dk\/?post_type=product&#038;p=847"},"modified":"2026-03-09T10:39:42","modified_gmt":"2026-03-09T10:39:42","slug":"dulmende-100ml","status":"publish","type":"product","link":"https:\/\/beenu.dk\/index.php\/vare\/dulmende-100ml\/","title":{"rendered":"Dulmende"},"content":{"rendered":"<h3 data-start=\"140\" data-end=\"173\">Dulmende<\/h3>\n<h6 data-start=\"670\" data-end=\"736\"><strong data-start=\"674\" data-end=\"736\">Smil med velv\u00e6re \u2013 naturlig pleje til tandk\u00f8d og tandhalse<\/strong><\/h6>\n<p data-start=\"738\" data-end=\"1042\">Fork\u00e6l dit tandk\u00f8d med en mild, plejende bivokscreme skabt til at give <strong data-start=\"809\" data-end=\"840\">en f\u00f8lelse af ro og komfort<\/strong> omkring tandhalse og tandk\u00f8d.\u00a0<a href=\"https:\/\/beenu.dk\/index.php\/bivoks\/\">Link til varianter<\/a><br \/>\nDen <strong data-start=\"877\" data-end=\"937\">naturlige kombination af bivoks, kokosolie og olivenolie<\/strong> danner en beskyttende, bl\u00f8dg\u00f8rende hinde, der hj\u00e6lper med at <strong data-start=\"999\" data-end=\"1039\">bevare et sundt og velplejet tandk\u00f8d<\/strong>.<\/p>\n<p data-start=\"1044\" data-end=\"1317\">Pebermynte- og nellikeolie tilf\u00f8rer en <strong data-start=\"1083\" data-end=\"1119\">frisk og let k\u00f8lende fornemmelse<\/strong>, som kan opleves <strong data-start=\"1137\" data-end=\"1186\">beroligende d\u00e9r, hvor tandk\u00f8det f\u00f8les f\u00f8lsomt<\/strong>.<br data-start=\"1187\" data-end=\"1190\" \/>Resultatet er en fornemmelse af <strong data-start=\"1222\" data-end=\"1263\">friskhed, balance og velv\u00e6re i munden<\/strong> \u2013 perfekt som en naturlig del af din daglige pleje.<\/p>\n<p data-start=\"1319\" data-end=\"1401\">Cremen optages langsomt og efterlader huden ekstra <strong data-start=\"1370\" data-end=\"1398\">bl\u00f8d, n\u00e6ret og beskyttet<\/strong>.<\/p>\n<p data-start=\"1403\" data-end=\"1593\"><strong data-start=\"1403\" data-end=\"1415\">Indhold:<\/strong> H\u00e5ndr\u00f8rt bivoks, \u00f8kologisk kokosolie og \u00f8kologisk olivenolie, tilsat naturlige \u00e6teriske olier (pebermynte og nellike) for en k\u00f8lende, dulmende fornemmelse.<\/p>\n<p data-start=\"1403\" data-end=\"1593\">M\u00e5 ikke synkes<\/p>\n<h3 data-start=\"812\" data-end=\"832\"><strong data-start=\"816\" data-end=\"830\">Olivenolie<\/strong><\/h3>\n<p data-start=\"834\" data-end=\"1122\">Olivenolie er en n\u00e6rende ingrediens, der bl\u00f8dg\u00f8r og tilf\u00f8rer fugt til huden. Den er rig p\u00e5 vitamin A og E samt antioxidanter, som underst\u00f8tter hudens naturlige beskyttelse mod ydre p\u00e5virkninger. Olivenolie hj\u00e6lper med at bevare hudens fugt, hvilket g\u00f8r den s\u00e6rligt velegnet til t\u00f8r hud.<\/p>\n<p data-start=\"1124\" data-end=\"1322\">Olivenolie bidrager ogs\u00e5 til at efterlade huden smidig og velplejet. Dens bl\u00f8dg\u00f8rende egenskaber g\u00f8r den ideel til hudpleje, hvor den kan hj\u00e6lpe med at skabe en beskyttende barriere mod udt\u00f8rring.<\/p>\n<h3 data-start=\"1329\" data-end=\"1348\"><strong data-start=\"1333\" data-end=\"1346\">Kokosolie<\/strong><\/h3>\n<p data-start=\"1350\" data-end=\"1489\">Kokosolie tilf\u00f8rer fugt og underst\u00f8tter hudens naturlige barriere, s\u00e5 den bedre kan holde p\u00e5 fugten. Den er s\u00e6rligt velegnet til t\u00f8r hud.<\/p>\n<p><a href=\"https:\/\/beenu.dk\/index.php\/bivokscreme\/\">L\u00e6s mere om fordelene ved bivoks her<\/a><\/p>\n","protected":false},"excerpt":{"rendered":"<p><span style=\"font-size: 16px;\">Dulmende<\/span><\/p>\n<p><span style=\"font-size: 16px;\">100 ml<\/span><\/p>\n","protected":false},"featured_media":849,"comment_status":"open","ping_status":"closed","template":"","meta":{"site-sidebar-layout":"default","site-content-layout":"","ast-site-content-layout":"default","site-content-style":"default","site-sidebar-style":"default","ast-global-header-display":"","ast-banner-title-visibility":"","ast-main-header-display":"","ast-hfb-above-header-display":"","ast-hfb-below-header-display":"","ast-hfb-mobile-header-display":"","site-post-title":"","ast-breadcrumbs-content":"","ast-featured-img":"","footer-sml-layout":"","theme-transparent-header-meta":"default","adv-header-id-meta":"","stick-header-meta":"","header-above-stick-meta":"","header-main-stick-meta":"","header-below-stick-meta":"","astra-migrate-meta-layouts":"set","ast-page-background-enabled":"default","ast-page-background-meta":{"desktop":{"background-color":"var(--ast-global-color-4)","background-image":"","background-repeat":"repeat","background-position":"center center","background-size":"auto","background-attachment":"scroll","background-type":"","background-media":"","overlay-type":"","overlay-color":"","overlay-opacity":"","overlay-gradient":""},"tablet":{"background-color":"","background-image":"","background-repeat":"repeat","background-position":"center center","background-size":"auto","background-attachment":"scroll","background-type":"","background-media":"","overlay-type":"","overlay-color":"","overlay-opacity":"","overlay-gradient":""},"mobile":{"background-color":"","background-image":"","background-repeat":"repeat","background-position":"center center","background-size":"auto","background-attachment":"scroll","background-type":"","background-media":"","overlay-type":"","overlay-color":"","overlay-opacity":"","overlay-gradient":""}},"ast-content-background-meta":{"desktop":{"background-color":"var(--ast-global-color-5)","background-image":"","background-repeat":"repeat","background-position":"center center","background-size":"auto","background-attachment":"scroll","background-type":"","background-media":"","overlay-type":"","overlay-color":"","overlay-opacity":"","overlay-gradient":""},"tablet":{"background-color":"var(--ast-global-color-5)","background-image":"","background-repeat":"repeat","background-position":"center center","background-size":"auto","background-attachment":"scroll","background-type":"","background-media":"","overlay-type":"","overlay-color":"","overlay-opacity":"","overlay-gradient":""},"mobile":{"background-color":"var(--ast-global-color-5)","background-image":"","background-repeat":"repeat","background-position":"center center","background-size":"auto","background-attachment":"scroll","background-type":"","background-media":"","overlay-type":"","overlay-color":"","overlay-opacity":"","overlay-gradient":""}}},"product_brand":[],"product_cat":[20],"product_tag":[],"class_list":{"0":"post-847","1":"product","2":"type-product","3":"status-publish","4":"has-post-thumbnail","6":"product_cat-bivokscreme","7":"desktop-align-center","8":"tablet-align-center","9":"mobile-align-center","11":"first","12":"instock","13":"taxable","14":"shipping-taxable","15":"purchasable","16":"product-type-simple"},"yoast_head":"<!-- This site is optimized with the Yoast SEO plugin v27.5 - https:\/\/yoast.com\/product\/yoast-seo-wordpress\/ -->\n<title>Dulmende - Beenu<\/title>\n<meta name=\"robots\" content=\"index, follow, max-snippet:-1, max-image-preview:large, max-video-preview:-1\" \/>\n<link rel=\"canonical\" href=\"https:\/\/beenu.dk\/index.php\/vare\/dulmende-100ml\/\" \/>\n<meta property=\"og:locale\" content=\"da_DK\" \/>\n<meta property=\"og:type\" content=\"article\" \/>\n<meta property=\"og:title\" content=\"Dulmende - Beenu\" \/>\n<meta property=\"og:description\" content=\"Dulmende  100 ml\" \/>\n<meta property=\"og:url\" content=\"https:\/\/beenu.dk\/index.php\/vare\/dulmende-100ml\/\" \/>\n<meta property=\"og:site_name\" content=\"Beenu\" \/>\n<meta property=\"article:publisher\" content=\"https:\/\/www.facebook.com\/ceciliavicktoria\" \/>\n<meta property=\"article:modified_time\" content=\"2026-03-09T10:39:42+00:00\" \/>\n<meta property=\"og:image\" content=\"https:\/\/beenu.dk\/wp-content\/uploads\/2025\/07\/dulmende-rotated-e1752132186449.jpeg\" \/>\n\t<meta property=\"og:image:width\" content=\"725\" \/>\n\t<meta property=\"og:image:height\" content=\"843\" \/>\n\t<meta property=\"og:image:type\" content=\"image\/jpeg\" \/>\n<meta name=\"twitter:card\" content=\"summary_large_image\" \/>\n<meta name=\"twitter:label1\" content=\"Estimeret l\u00e6setid\" \/>\n\t<meta name=\"twitter:data1\" content=\"2 minutter\" \/>\n<script type=\"application\/ld+json\" class=\"yoast-schema-graph\">{\"@context\":\"https:\\\/\\\/schema.org\",\"@graph\":[{\"@type\":\"WebPage\",\"@id\":\"https:\\\/\\\/beenu.dk\\\/index.php\\\/vare\\\/dulmende-100ml\\\/\",\"url\":\"https:\\\/\\\/beenu.dk\\\/index.php\\\/vare\\\/dulmende-100ml\\\/\",\"name\":\"Dulmende - Beenu\",\"isPartOf\":{\"@id\":\"https:\\\/\\\/beenu.dk\\\/#website\"},\"primaryImageOfPage\":{\"@id\":\"https:\\\/\\\/beenu.dk\\\/index.php\\\/vare\\\/dulmende-100ml\\\/#primaryimage\"},\"image\":{\"@id\":\"https:\\\/\\\/beenu.dk\\\/index.php\\\/vare\\\/dulmende-100ml\\\/#primaryimage\"},\"thumbnailUrl\":\"https:\\\/\\\/beenu.dk\\\/wp-content\\\/uploads\\\/2025\\\/07\\\/dulmende-rotated-e1752132186449.jpeg\",\"datePublished\":\"2025-07-10T07:19:28+00:00\",\"dateModified\":\"2026-03-09T10:39:42+00:00\",\"breadcrumb\":{\"@id\":\"https:\\\/\\\/beenu.dk\\\/index.php\\\/vare\\\/dulmende-100ml\\\/#breadcrumb\"},\"inLanguage\":\"da-DK\",\"potentialAction\":[{\"@type\":\"ReadAction\",\"target\":[\"https:\\\/\\\/beenu.dk\\\/index.php\\\/vare\\\/dulmende-100ml\\\/\"]}]},{\"@type\":\"ImageObject\",\"inLanguage\":\"da-DK\",\"@id\":\"https:\\\/\\\/beenu.dk\\\/index.php\\\/vare\\\/dulmende-100ml\\\/#primaryimage\",\"url\":\"https:\\\/\\\/beenu.dk\\\/wp-content\\\/uploads\\\/2025\\\/07\\\/dulmende-rotated-e1752132186449.jpeg\",\"contentUrl\":\"https:\\\/\\\/beenu.dk\\\/wp-content\\\/uploads\\\/2025\\\/07\\\/dulmende-rotated-e1752132186449.jpeg\",\"width\":725,\"height\":843,\"caption\":\"\u00f8kologisk naturlig hudpleje allround kropscreme bivokssalve\"},{\"@type\":\"BreadcrumbList\",\"@id\":\"https:\\\/\\\/beenu.dk\\\/index.php\\\/vare\\\/dulmende-100ml\\\/#breadcrumb\",\"itemListElement\":[{\"@type\":\"ListItem\",\"position\":1,\"name\":\"Hjem\",\"item\":\"https:\\\/\\\/beenu.dk\\\/\"},{\"@type\":\"ListItem\",\"position\":2,\"name\":\"Shop\",\"item\":\"https:\\\/\\\/beenu.dk\\\/index.php\\\/shop\\\/\"},{\"@type\":\"ListItem\",\"position\":3,\"name\":\"Dulmende\"}]},{\"@type\":\"WebSite\",\"@id\":\"https:\\\/\\\/beenu.dk\\\/#website\",\"url\":\"https:\\\/\\\/beenu.dk\\\/\",\"name\":\"Beenu\",\"description\":\"Bivokscreme - Et rent naturprodukt\",\"publisher\":{\"@id\":\"https:\\\/\\\/beenu.dk\\\/#organization\"},\"potentialAction\":[{\"@type\":\"SearchAction\",\"target\":{\"@type\":\"EntryPoint\",\"urlTemplate\":\"https:\\\/\\\/beenu.dk\\\/?s={search_term_string}\"},\"query-input\":{\"@type\":\"PropertyValueSpecification\",\"valueRequired\":true,\"valueName\":\"search_term_string\"}}],\"inLanguage\":\"da-DK\"},{\"@type\":\"Organization\",\"@id\":\"https:\\\/\\\/beenu.dk\\\/#organization\",\"name\":\"Beenu\",\"url\":\"https:\\\/\\\/beenu.dk\\\/\",\"logo\":{\"@type\":\"ImageObject\",\"inLanguage\":\"da-DK\",\"@id\":\"https:\\\/\\\/beenu.dk\\\/#\\\/schema\\\/logo\\\/image\\\/\",\"url\":\"https:\\\/\\\/beenu.dk\\\/wp-content\\\/uploads\\\/2024\\\/10\\\/cropped-cecilialogomed.png\",\"contentUrl\":\"https:\\\/\\\/beenu.dk\\\/wp-content\\\/uploads\\\/2024\\\/10\\\/cropped-cecilialogomed.png\",\"width\":856,\"height\":856,\"caption\":\"Beenu\"},\"image\":{\"@id\":\"https:\\\/\\\/beenu.dk\\\/#\\\/schema\\\/logo\\\/image\\\/\"},\"sameAs\":[\"https:\\\/\\\/www.facebook.com\\\/ceciliavicktoria\",\"https:\\\/\\\/www.instagram.com\\\/cecilia.karlsen\\\/\"]}]}<\/script>\n<!-- \/ Yoast SEO plugin. -->","yoast_head_json":{"title":"Dulmende - Beenu","robots":{"index":"index","follow":"follow","max-snippet":"max-snippet:-1","max-image-preview":"max-image-preview:large","max-video-preview":"max-video-preview:-1"},"canonical":"https:\/\/beenu.dk\/index.php\/vare\/dulmende-100ml\/","og_locale":"da_DK","og_type":"article","og_title":"Dulmende - Beenu","og_description":"Dulmende  100 ml","og_url":"https:\/\/beenu.dk\/index.php\/vare\/dulmende-100ml\/","og_site_name":"Beenu","article_publisher":"https:\/\/www.facebook.com\/ceciliavicktoria","article_modified_time":"2026-03-09T10:39:42+00:00","og_image":[{"width":725,"height":843,"url":"https:\/\/beenu.dk\/wp-content\/uploads\/2025\/07\/dulmende-rotated-e1752132186449.jpeg","type":"image\/jpeg"}],"twitter_card":"summary_large_image","twitter_misc":{"Estimeret l\u00e6setid":"2 minutter"},"schema":{"@context":"https:\/\/schema.org","@graph":[{"@type":"WebPage","@id":"https:\/\/beenu.dk\/index.php\/vare\/dulmende-100ml\/","url":"https:\/\/beenu.dk\/index.php\/vare\/dulmende-100ml\/","name":"Dulmende - Beenu","isPartOf":{"@id":"https:\/\/beenu.dk\/#website"},"primaryImageOfPage":{"@id":"https:\/\/beenu.dk\/index.php\/vare\/dulmende-100ml\/#primaryimage"},"image":{"@id":"https:\/\/beenu.dk\/index.php\/vare\/dulmende-100ml\/#primaryimage"},"thumbnailUrl":"https:\/\/beenu.dk\/wp-content\/uploads\/2025\/07\/dulmende-rotated-e1752132186449.jpeg","datePublished":"2025-07-10T07:19:28+00:00","dateModified":"2026-03-09T10:39:42+00:00","breadcrumb":{"@id":"https:\/\/beenu.dk\/index.php\/vare\/dulmende-100ml\/#breadcrumb"},"inLanguage":"da-DK","potentialAction":[{"@type":"ReadAction","target":["https:\/\/beenu.dk\/index.php\/vare\/dulmende-100ml\/"]}]},{"@type":"ImageObject","inLanguage":"da-DK","@id":"https:\/\/beenu.dk\/index.php\/vare\/dulmende-100ml\/#primaryimage","url":"https:\/\/beenu.dk\/wp-content\/uploads\/2025\/07\/dulmende-rotated-e1752132186449.jpeg","contentUrl":"https:\/\/beenu.dk\/wp-content\/uploads\/2025\/07\/dulmende-rotated-e1752132186449.jpeg","width":725,"height":843,"caption":"\u00f8kologisk naturlig hudpleje allround kropscreme bivokssalve"},{"@type":"BreadcrumbList","@id":"https:\/\/beenu.dk\/index.php\/vare\/dulmende-100ml\/#breadcrumb","itemListElement":[{"@type":"ListItem","position":1,"name":"Hjem","item":"https:\/\/beenu.dk\/"},{"@type":"ListItem","position":2,"name":"Shop","item":"https:\/\/beenu.dk\/index.php\/shop\/"},{"@type":"ListItem","position":3,"name":"Dulmende"}]},{"@type":"WebSite","@id":"https:\/\/beenu.dk\/#website","url":"https:\/\/beenu.dk\/","name":"Beenu","description":"Bivokscreme - Et rent naturprodukt","publisher":{"@id":"https:\/\/beenu.dk\/#organization"},"potentialAction":[{"@type":"SearchAction","target":{"@type":"EntryPoint","urlTemplate":"https:\/\/beenu.dk\/?s={search_term_string}"},"query-input":{"@type":"PropertyValueSpecification","valueRequired":true,"valueName":"search_term_string"}}],"inLanguage":"da-DK"},{"@type":"Organization","@id":"https:\/\/beenu.dk\/#organization","name":"Beenu","url":"https:\/\/beenu.dk\/","logo":{"@type":"ImageObject","inLanguage":"da-DK","@id":"https:\/\/beenu.dk\/#\/schema\/logo\/image\/","url":"https:\/\/beenu.dk\/wp-content\/uploads\/2024\/10\/cropped-cecilialogomed.png","contentUrl":"https:\/\/beenu.dk\/wp-content\/uploads\/2024\/10\/cropped-cecilialogomed.png","width":856,"height":856,"caption":"Beenu"},"image":{"@id":"https:\/\/beenu.dk\/#\/schema\/logo\/image\/"},"sameAs":["https:\/\/www.facebook.com\/ceciliavicktoria","https:\/\/www.instagram.com\/cecilia.karlsen\/"]}]}},"_links":{"self":[{"href":"https:\/\/beenu.dk\/index.php\/wp-json\/wp\/v2\/product\/847","targetHints":{"allow":["GET"]}}],"collection":[{"href":"https:\/\/beenu.dk\/index.php\/wp-json\/wp\/v2\/product"}],"about":[{"href":"https:\/\/beenu.dk\/index.php\/wp-json\/wp\/v2\/types\/product"}],"replies":[{"embeddable":true,"href":"https:\/\/beenu.dk\/index.php\/wp-json\/wp\/v2\/comments?post=847"}],"wp:featuredmedia":[{"embeddable":true,"href":"https:\/\/beenu.dk\/index.php\/wp-json\/wp\/v2\/media\/849"}],"wp:attachment":[{"href":"https:\/\/beenu.dk\/index.php\/wp-json\/wp\/v2\/media?parent=847"}],"wp:term":[{"taxonomy":"product_brand","embeddable":true,"href":"https:\/\/beenu.dk\/index.php\/wp-json\/wp\/v2\/product_brand?post=847"},{"taxonomy":"product_cat","embeddable":true,"href":"https:\/\/beenu.dk\/index.php\/wp-json\/wp\/v2\/product_cat?post=847"},{"taxonomy":"product_tag","embeddable":true,"href":"https:\/\/beenu.dk\/index.php\/wp-json\/wp\/v2\/product_tag?post=847"}],"curies":[{"name":"wp","href":"https:\/\/api.w.org\/{rel}","templated":true}]}}